e
Is 466951 composite?
False
Is 32198897 composite?
False
Is 4059083 prime?
False
Is 244047203 a composite number?
False
Is 9484649 a composite number?
False
Is 7143761 prime?
True
Is 10539869 a composite number?
False
Is 1061033 a prime number?
True
Is 8287661 a composite number?
True
Is 30361 a composite number?
True
Is 16278601 prime?
True
Is 8051 composite?
True
Is 7965037 a composite number?
False
Is 11300057 a prime number?
True
Is 28931062 prime?
False
Is 12383879 prime?
True
Is 21625181 a composite number?
False
Is 14958527 composite?
False
Is 3265217 prime?
False
Is 8033603 a composite number?
True
Is 34837415 a composite number?
True
Is 6617047 composite?
True
Is 3689771 prime?
True
Is 4855841 prime?
False
Is 88697905 composite?
True
Is 1495543 prime?
False
Is 16738177 a composite number?
False
Is 143931997 composite?
True
Is 735388829 prime?
False
Is 1352117 composite?
True
Is 79463999 a prime number?
False
Is 59051 a composite number?
False
Is 224485022 a composite number?
True
Is 19985993 prime?
False
Is 5330579 composite?
False
Is 50989 prime?
True
Is 30771893 prime?
False
Is 979159 a composite number?
False
Is 27836341 composite?
True
Is 120612955 a composite number?
True
Is 81052193 prime?
True
Is 117820663 composite?
False
Is 64679 a prime number?
True
Is 37249283 a composite number?
False
Is 4945441 prime?
False
Is 22904395 composite?
True
Is 163649891 a prime number?
True
Is 12374083 prime?
False
Is 34285546 composite?
True
Is 235426547 a composite number?
False
Is 2146453 a composite number?
True
Is 452042321 a composite number?
True
Is 117116033 composite?
True
Is 18366151 prime?
False
Is 10377911 composite?
True
Is 159431509 a composite number?
True
Is 99251 a prime number?
True
Is 1803367 a composite number?
True
Is 5457811 a composite number?
False
Is 14323661 a prime number?
False
Is 12619537 composite?
True
Is 10274401 composite?
False
Is 17234993 a composite number?
False
Is 98207843 a composite number?
False
Is 3928721 a composite number?
False
Is 12538777 prime?
False
Is 19163587 prime?
False
Is 227854969 composite?
False
Is 95117863 a composite number?
True
Is 25554623 a prime number?
True
Is 1122637 prime?
False
Is 29437747 prime?
True
Is 935853 a prime number?
False
Is 3709567 prime?
False
Is 1270277 prime?
False
Is 95458899 prime?
False
Is 538193963 composite?
False
Is 475873 a prime number?
False
Is 607163 composite?
False
Is 574923587 prime?
False
Is 26334845 a prime number?
False
Is 23874359 composite?
False
Is 308103793 prime?
True
Is 13101259 a prime number?
True
Is 1803401 composite?
True
Is 332935 a prime number?
False
Is 3874823 composite?
False
Is 148216091 prime?
True
Is 1503061 a prime number?
False
Is 26625437 prime?
True
Is 4914527 a prime number?
True
Is 66976535 a composite number?
True
Is 11027531 a composite number?
True
Is 52843709 composite?
False
Is 4214117 prime?
True
Is 19525973 composite?
True
Is 1105843 composite?
True
Is 13270633 a composite number?
True
Is 1046567113 a composite number?
False
Is 25930391 a prime number?
True
Is 1033517 composite?
False
Is 7062305 composite?
True
Is 294299241 a prime number?
False
Is 77619071 a prime number?
False
Is 443464718 a composite number?
True
Is 11273 a prime number?
True
Is 307909 a prime number?
False
Is 390973027 composite?
False
Is 38198431 prime?
True
Is 1328081 prime?
False
Is 24989267 a prime number?
False
Is 1662733 a composite number?
False
Is 7835831 a prime number?
False
Is 13708187 composite?
False
Is 2949251 prime?
True
Is 3111683 a composite number?
True
Is 239926469 a prime number?
True
Is 74015539 a composite number?
True
Is 406807 composite?
False
Is 16026583 composite?
True
Is 160320401 composite?
False
Is 69178883 composite?
False
Is 213594691 a composite number?
True
Is 645973 a composite number?
False
Is 462647 composite?
True
Is 8792227 composite?
True
Is 140955953 composite?
False
Is 6526417 a composite number?
True
Is 862926055 prime?
False
Is 153008027 a composite number?
False
Is 1061033 a composite number?
False
Is 42373481 composite?
False
Is 15408451 a prime number?
False
Is 5304305 prime?
False
Is 103853927 composite?
False
Is 43542731 prime?
False
Is 113776007 prime?
True
Is 50363659 prime?
True
Is 43230571 composite?
True
Is 84377 a prime number?
True
Is 11918171 a prime number?
True
Is 15832237 composite?
True
Is 73157629 a prime number?
True
Is 14296729 a prime number?
True
Is 261167 a composite number?
False
Is 55183 a prime number?
False
Is 648145 composite?
True
Is 12976771 a prime number?
True
Is 13362017 a prime number?
False
Is 1906211 composite?
False
Is 29387549 a composite number?
True
Is 207270461 a prime number?
True
Is 82962995 a composite number?
True
Is 7544531 a prime number?
False
Is 8736781 a composite number?
False
Is 175951793 prime?
True
Is 64670345 composite?
True
Is 7819571 prime?
True
Is 11363581 composite?
False
Is 2053357 a composite number?
False
Is 373273 a prime number?
True
Is 226202827 prime?
True
Is 97774003 prime?
True
Is 433210951 prime?
True
Is 86741819 a prime number?
True
Is 641489 prime?
False
Is 52601649 composite?
True
Is 3275309 composite?
False
Is 234811787 a prime number?
False
Is 960851 a prime number?
False
Is 210526133 a composite number?
True
Is 16493887 prime?
True
Is 65525143 prime?
True
Is 19399241 a composite number?
True
Is 26489167 a composite number?
False
Is 66110411 a composite number?
False
Is 4543117 prime?
True
Is 2940703 prime?
False
Is 11921633 a prime number?
True
Is 751831 a composite number?
True
Is 122769301 a prime number?
True
Is 44250838 a prime number?
False
Is 32950871 a composite number?
False
Is 1396643 a composite number?
True
Is 37707821 composite?
True
Is 13555343 a composite number?
True
Is 28262923 prime?
False
Is 595935607 a prime number?
False
Is 3071009 a composite number?
True
Is 3362627 prime?
True
Is 4624801 prime?
True
Is 2136553 a composite number?
False
Is 1381819 composite?
False
Is 15015527 a prime number?
False
Is 19417 a prime number?
True
Is 37118359 a prime number?
False
Is 3740537 a composite number?
False
Is 9978089 a composite number?
True
Is 4621649 a prime number?
True
Is 3149453 a composite number?
True
Is 3952451 prime?
False
Is 1420157 prime?
False
Is 33820669 a composite number?
False
Is 141396779 a prime number?
False
Is 13491701 a prime number?
False
Is 113279 a prime number?
True
Is 716221 composite?
True
Is 15113159 a composite number?
False
Is 11934023 a composite number?
False
Is 95490937 composite?
True
Is 9190301 composite?
False
Is 6580789 a prime number?
False
Is 4404193 composite?
False
Is 90815369 prime?
False
Is 1835053 a prime number?
False
Is 2432341 a prime number?
False
Is 4928369 composite?
False
Is 299528011 a composite number?
True
Is 79110929 a composite number?
True
Is 31015043 a composite number?
False
Is 7923563 composite?
False
Is 11563921 a composite number?
False
Is 866573 a prime number?
True
Is 27807077 prime?
False
Is 77897503 composite?
False
Is 3631871 composite?
False
Is 47609869 composite?
False
Is 2831039 prime?
True
Is 75835127 a prime number?
True
Is 10196423 a composite number?
True
Is 58044227 a composite number?
False
Is 7535749 a prime number?
False
Is 70793189 composite?
False
Is 12894773 a composite number?
False
Is 955165 a prime number?
False
Is 8200361 a prime number?
False
Is 711211 a composite number?
True
Is 56908937 a prime number?
True
Is 27873127 prime?
True
Is 52063 a composite number?
True
Is 37515529 composite?
False
Is 303102863 composite?
True
Is 86257211 a prime number?
True
Is 42813301 a composite number?
False
Is 2543459 a prime number?
True
Is 43330307 prime?
False
Is 30803891 a prime number?
True
Is 45462239 a prime number?
True
Is 32276441 a composite number?
False
Is 46554577 a prime number?
True
Is 11180681 a composite number?
True
Is 124637407 composite?
True
Is 3845537 prime?
True
Is 7100897 a prime number?
True
Is 84881779 a prime number?
False
Is 400028227 composite?
True
Is 302671 a composite number?
True
Is 29547327 prime?
False
Is 10289447 composite?
True
Is 1668053 composite?
False
Is 119019367 composite?
False
Is 605657 a composite number?
True
Is 11870099 composite?
True
Is 2398777 a composite number?
False
Is 7627049 a composite numb